 m(3).
-67
Let a(v) = 21*v + 278. Calculate a(-13).
5
Let v(m) = m**3 - 7*m**2 + 7*m - 4. Calculate v(6).
2
Let w(u) = -u**2 - 16*u - 2. Determine w(-15).
13
Let a(t) = 2*t - 11. Give a(5).
-1
Let t(p) = 3*p**2 - 22*p + 31. Calculate t(9).
76
Let p(m) = -m**2 + 5*m - 10. Calculate p(4).
-6
Let k(z) = -3*z**3 - 5*z**2 - 9*z - 7. What is k(-3)?
56
Let z(j) = j**3 - 8*j**2 - 14. Give z(7).
-63
Let f(s) = -s**2 - 3*s + 22. Give f(3).
4
Let n(q) = -35*q**2 - 6*q - 5. Give n(-1).
-34
Let m(t) = -t**3 + 4*t**2 + 16*t + 10. What is m(7)?
-25
Let c(g) = g**3 + 2*g**2 + 2*g - 1. Calculate c(-2).
-5
Let j(n) = -n**2 - 11*n + 43. Calculate j(-12).
31
Let i(d) = -4*d + 11. Give i(-8).
43
Let g(h) = h**3 - 6*h**2 + 2*h - 8. What is g(6)?
4
Let i(j) = -j**2 + j - 40. Determine i(10).
-130
Let g(n) = n**3 - 4*n**2 + 3*n - 1. Give g(2).
-3
Let p(l) = l**2 + 13*l + 1. What is p(-9)?
-35
Let w(b) = b**2 - 7*b - 8. Determine w(8).
0
Let q(g) = -2*g**3 + 2*g**2 + 5*g - 2. What is q(3)?
-23
Let j(r) = -r**3 + 6*r**2 + 10*r - 7. Determine j(7).
14
Let g(b) = -b**3 - 3*b**2 + b + 13. Determine g(-3).
10
Let p(f) = -40*f - 163. Calculate p(-4).
-3
Let y(l) = -10*l**2 - 59*l + 11. Calculate y(-6).
5
Let c(v) = v. Calculate c(-7).
-7
Let m(y) = -y**2 - y - 2. Determine m(3).
-14
Let p(s) = s - 21. Calculate p(17).
-4
Let r(i) = -i**2 - i - 12. Calculate r(0).
-12
Let b(d) = -d**3 + 4*d**2 + 2*d - 5. What is b(4)?
3
Let p(m) = -m**3 + 10*m**2 + 2*m - 8. Give p(5).
127
Let f(w) = 3*w**3 - 14*w**2 - 5*w + 2. What is f(5)?
2
Let j(y) = y - 3. Determine j(-3).
-6
Let i(p) = p**3 - 6*p**2 + 7*p - 6. Calculate i(4).
-10
Let w(u) = -u**3 + 13*u**2 - 14*u + 17. Give w(12).
-7
Let x(d) = -d**3 + 14*d**2 - 17*d + 2. Determine x(13).
-50
Let y(o) = o**2 - 5*o - 7. Determine y(5).
-7
Let z(y) = y**3 + y**2 + y - 31. Calculate z(0).
-31
Let j(i) = -i + 2. What is j(-4)?
6
Let j(o) = -3*o - 18. Give j(-11).
15
Let o(n) = -6*n - 2. What is o(-8)?
46
Let u(b) = 21*b - 4. Give u(3).
59
Let h(v) = v**3 + 17*v**2 + 29*v - 8. Give h(-15).
7
Let j(m) = m**3 - 13*m**2 + 20*m - 12. Give j(10).
-112
Let l(q) = -q**2 - q + 48. Calculate l(8).
-24
Let v(l) = -l**2 + 12*l. Give v(9).
27
Let a(t) = -6*t**2 + t - 1. Give a(2).
-23
Let k(n) = -22*n**2 + 2. What is k(-1)?
-20
Let i(o) = o**3 + 5*o**2 - 5*o - 6. What is i(-6)?
-12
Let v(i) = -i**3 + 23*i**2 - 20*i - 43. Calculate v(22).
1
Let r(y) = -y**3 + 7*y**2 + 13*y - 36. Calculate r(8).
4
Let q(m) = m**3 - m**2 + m + 31. Determine q(0).
31
Let q(c) = -2*c**2 + 32*c - 20. Determine q(13).
58
Let g(v) = 4*v**3 + 2*v**2 - v - 2. Calculate g(1).
3
Let t(m) = 4*m**2 + 35*m - 163. Determine t(-12).
-7
Let d(c) = c. What is d(0)?
0
Let l(v) = -2*v**3 + 2*v**2 - 3*v - 4. Calculate l(-1).
3
Let x(b) = -b - 39. What is x(-6)?
-33
Let n(s) = s**3 - 11*s**2 + 2*s - 25. What is n(11)?
-3
Let g(k) = k**2 - 7*k - 4. Determine g(7).
-4
Let g(d) = -3*d + 11. Give g(4).
-1
Let r(q) = -2*q**2 + 59*q - 54. Determine r(26).
128
Let r(p) = 8*p + 3. Give r(5).
43
Let r(m) = -2*m**2 - 3*m + 1. Give r(-5).
-34
Let l(b) = -b**2 + 3*b - 5. Determine l(5).
-15
Let w(z) = -z + 19. Give w(15).
4
Let m(g) = -g**2 + 81*g - 306. What is m(77)?
2
Let t(x) = 63*x + 392. Determine t(-6).
14
Let a(y) = y**3 + 9*y**2 + 19*y - 4. Determine a(-3).
-7
Let k(d) = -6*d + 70. What is k(17)?
-32
Let l(c) = c**3 + 3*c**2 - 10*c - 7. What is l(-6)?
-55
Let f(u) = u - 3. What is f(-3)?
-6
Let o(d) = -31*d - 1. What is o(-5)?
154
Let g(q) = q**2 + 10*q - 4. Determine g(-11).
7
Let q(a) = 4*a - 5. Determine q(0).
-5
Let j(c) = -2*c**2 - 7*c + 2. Calculate j(-3).
5
Let l(t) = 2*t + 4. Calculate l(-6).
-8
Let d(x) = x + 1. Give d(-9).
-8
Let v(s) = s**3 + 19*s**2 + 56*s - 61. Determine v(-15).
-1
Let q(y) = -y**2 + 36*y + 43. Give q(37).
6
Let p(j) = 47*j. Calculate p(1).
47
Let d(p) = 13*p**2 + 156*p - 6. Determine d(-12).
-6
Let c(f) = 5*f**2 + 3*f + 1. Calculate c(-3).
37
Let c(t) = -t**3 + t**2 + 8*t - 9. Calculate c(4).
-25
Let k(s) = 29*s - 290. Give k(10).
0
Let l(d) = -2*d**3 + 17*d**2 - 33*d + 3. What is l(6)?
-15
Let m(u) = 36*u. Determine m(3).
108
Let h(z) = -z**2 - 5*z + 8. Give h(-7).
-6
Let n(t) = 30*t**2 + 7*t + 5. What is n(-1)?
28
Let s(u) = -2*u**2 + 9*u - 10. Determine s(4).
-6
Let d(f) = -2*f**2 + 13*f - 18. What is d(6)?
-12
Let n(y) = 3*y**2 - 6*y - 4. What is n(2)?
-4
Let l(z) = -8*z - 8. Give l(-3).
16
Let p(c) = c**2 - 2*c + 8. Give p(4).
16
Let g(q) = 8*q + 44. What is g(-4)?
12
Let b(c) = -c**2 - 7*c + 1. Determine b(-8).
-7
Let q(f) = 20*f + 4. Determine q(5).
104
Let g(x) = x**2 + 28*x + 192. Calculate g(-17).
5
Let f(v) = -9*v - 3. Calculate f(0).
-3
Let t(a) = 2*a**2 - 12*a + 20. What is t(7)?
34
Let r(g) = 3*g**2 - 58*g - 64. What is r(20)?
-24
Let m(z) = -91*z - 5. Give m(1).
-96
Let s(c) = -2*c**3 - c**2 - c + 2. Calculate s(-3).
50
Let y(h) = -20*h + 32. Give y(-5).
132
Let x(t) = 39*t**3 + 2*t**2 - t - 1. Give x(1).
39
Let x(w) = -w**2 - 27*w - 103. Calculate x(-5).
7
Let t(w) = 8*w - 10. Give t(7).
46
Let u(q) = -2*q**2 - 11*q + 54. Determine u(5).
-51
Let c(n) = -20*n - 3. Determine c(0).
-3
Let l(h) = -4*h**3 - h**2 + 2*h + 5. Determine l(-2).
29
Let z(p) = -p**2 + 6*p - 4. Calculate z(7).
-11
Let u(x) = x**2 - 13*x - 30. Determine u(-2).
0
Let n(o) = -o - 16. What is n(-6)?
-10
Let i(v) = -2*v**2 - 6*v - 29. Calculate i(-6).
-65
Let y(d) = -12*d - 20. What is y(3)?
-56
Let v(o) = -o**3 + 2*o**2 - o + 54. Calculate v(0).
54
Let n(q) = -25*q - 49. What is n(-6)?
101
Let z(c) = 3*c - 140. Determine z(57).
31
Let a(m) = -6*m - 112. What is a(-16)?
-16
Let g(r) = -32*r**2 + 5*r - 6. Calculate g(2).
-124
Let c(j) = -54*j**2. Give c(-1).
-54
Let x(b) = b**3 - 28*b**2 + 26*b + 32. Determine x(27).
5
Let u(q) = q**2 - 17*q + 6. What is u(17)?
6
Let l(z) = 17*z + 97. What is l(-6)?
-5
Let g(o) = 2*o**2 - 7*o - 9. Give g(4).
-5
Let v(z) = 10*z - 7. Determine v(2).
13
Let r(s) = s**3 + 28*s**2 - 2*s - 35. Calculate r(-28).
21
Let g(m) = m**3 - 3*m**2 - 2*m - 3. Determine g(4).
5
Let q(v) = 26*v - 56. Give q(2).
-4
Let i(m) = 10*m - 32. Give i(3).
-2
Let i(z) = -17*z + 37. Calculate i(2).
3
Let d(i) = 4*i - 7. What is d(5)?
13
Let t(j) = j**3 + 63*j**2 + 64*j + 118. Determine t(-62).
-6
Let d(k) = -k - 17. What is d(-11)?
-6
Let a(c) = c**2 + 7*c - 22. Give a(6).
56
Let y(l) = l + 4. Calculate y(-6).
-2
Let u(i) = -100*i + 87. Calculate u(1).
-13
Let g(m) = -2*m**3 - m**2 - 49. Calculate g(0).
-49
Let j(u) = -u**3 + 9*u**2 + 2*u - 6. Determine j(8).
74
Let h(j) = j**3 - 4*j**2 - 15*j + 22. Give h(6).
4
Let j(a) = a**2 - 4*a + 3. Calculate j(3).
0
Let z(b) = b**3 - 16*b**2 + 15*b + 6. Give z(15).
6
Let f(z) = -4*z + 20. Calculate f(5).
0
Let x(w) = -7*w + 340. What is x(46)?
18
Let k(q) = q**3 - 4*q**2 - q + 11. Give k(5).
31
Let l(v) = 2*v**2 + 43*v - 25. What is l(-22)?
-3
Let y(d) = d**2 + 8*d + 21. Determine y(-5).
6
Let x(a) = -a**2 + 4*a + 2. Give x(4).
2
Let n(l) = 8*l + 61. What is n(-8)?
-3
Let k(u) = -u + 22. Calculate k(0).
22
Let o(a) = 6*a + 5. What is o(-14)?
-79
Let d(o) = 3*o + 17. Calculate d(-14).
-25
Let o(k) = -k**3 + 36*k**2 - 126*k - 58. Give o(32).
6
Let c(q) = -q**2 - 13*q + 4. Give c(-13).
4
Let k(a) = a. Give k(14).
14
Let z(v) = 2*v - 3. Determine z(3).
3
Let d(g) = 4*g + 4. What is d(1)?
8
Let l(b) = b**2 - 10*b + 20. Calculate l(8).
4
Let o(v) = -2*v**2 - 14*v - 6. Give o(-7).
-6
Let z(o) = 36*o + 863. Give z(-24).
-1
Let m(r) = 2*r**3 - 5*r**2 + 4*r - 3. Give m(3).
18
Let s(a) = a**3 - 2*a - 10. Give s(4).
46
Let b(m) = 2*m**2 - 38*m + 6. What is b(19)?
6
Let m(v) = 2*v**2 - 11*v + 4. Give m(9).
67
Let j(a) = 2*a**3 + 47*a**2 - 23*a - 29. Give j(-24).
-53
Let m(q) = 11*q - 212. Determine m(19).
-3
Let b(f) = f + 18. What is b(-13)?
5
Let r(s) = s**2 + 9*s + 8. Determine r(-9).
8
Let m(t) = -t**2 + 6*t - 3. Give m(3).
6
Let h(p) = -2*p + 17. Give h(2).
13
Let l(w) = -w**3 - w**2 - 3*w - 2. Give l(-2).
8
Let q(w) = -22*w**3 - 3*w**2 + 7*w - 7. Determine q(2).
-181
Let x(n) = -n**2 - 5*n + 20. Determine x(3).
-4
Let f(z) = z**2 - 6*z - 19. What is f(8)?
-3
Let h(m) = -m**3 + 2*m**2 - 2*m + 3. Calculate h(2).
-1
Let r(z) = -17*z - 28. Determine r(-1).
-11
Let w(v) = v**2 - 5*v - 1. Calculate w(4).
-5
Let h(v) = -19*v + 3. Determine h(-3).
6